{"id":366,"date":"2024-04-01T19:10:35","date_gmt":"2024-04-01T19:10:35","guid":{"rendered":"https:\/\/tio-spinelli.com\/?page_id=366"},"modified":"2024-04-15T20:54:53","modified_gmt":"2024-04-15T20:54:53","slug":"sobre-o-tio","status":"publish","type":"page","link":"https:\/\/tio-spinelli.com\/index.php\/full-width-page\/sobre-o-tio\/","title":{"rendered":"Sobre o Tio"},"content":{"rendered":"\n<p>O engenheiro automobil\u00edstico Jos\u00e9 Spinelli Neto, conhecidos por todos como \u201cTio\u201d,<br>resolveu mudar de vida junto da sua grande incentivadora e esposa Cec\u00edlia Vaz.<br>Deixou a sua carreira em S\u00e3o Paulo, e se mudou para Ubatuba, para se dedicar \u00e0 constru\u00e7\u00e3o<br>do seu Veleiro, Soneca.<br>O mergulho foi sua porta de entrada para o mar em 1976. A necessidade de locomo\u00e7\u00e3o<br>at\u00e9 pontos interessantes para essa pr\u00e1tica despertou a vontade de aprender a velejar.<br>Tamb\u00e9m ex-piloto de planador, sua mente cient\u00edfica fez as liga\u00e7\u00f5es e o amor pelo veleiro<br>come\u00e7ou a\u00ed.<br>Iniciou sua trajet\u00f3ria com um veleiro pequeno, chegou a ter uma traineira, mas o barulho<br>do motor e cheiro do diesel sempre foram uma pedra no seu sapato, com isso comprou um<br>projeto para iniciar a constru\u00e7\u00e3o do seu pr\u00f3prio veleiro. Queria ter a certeza da qualidade<br>de todo material utilizado para garantir a sua seguran\u00e7a e de sua fam\u00edlia. Perfeccionista em<br>tudo o que faz, a constru\u00e7\u00e3o prevista para durar 3 anos durou 12 anos e o valor tamb\u00e9m<br>sofreu uma multiplica\u00e7\u00e3o consider\u00e1vel, e muitas m\u00e3os somaram a essa empreitada.<br>O Soneca foi para \u00e1gua e a conex\u00e3o com o seu capit\u00e3o era not\u00e1vel, essa rela\u00e7\u00e3o se<br>estreitava a cada dia. Com um dom natural pelo ensino, e uma personalidade determinada e<br>investigativa que se aprofunda no que gosta, tornou-se instrutor de mergulho em 1999, e<br>em 2016 iniciou com as aulas de vela que s\u00e3o hoje o foco do Veleiro Soneca. A Escola de Vela<br>Oce\u00e2nica.<br>Com 47000 milhas navegadas, uma viagem de instru\u00e7\u00e3o at\u00e9 a Argentina e duas<br>travessias do Atl\u00e2ntico at\u00e9 Cape Town, Africa do Sul, o Tio \u00e9 muito reconhecido dentro da<br>\u00e1rea pela sua maneira l\u00fadica e divertida de ensinar, e ainda mais pelo conte\u00fado muito<br>completo, seus cursos podem ser ministrados para qualquer n\u00edvel de velejador, at\u00e9 para<br>aqueles que nunca entraram em um veleiro antes.<br>A experi\u00eancia dos cursos com o Tio \u00e9 indescrit\u00edvel. O amor pelo que faz \u00e9 muito<br>envolvente, o que faz com que os alunos se contagiem por esse mundo lindo da vela, e vire f\u00e3<br>do seu trabalho, humildade e metodologia de ensino. A porcentagem de retorno para os<br>pr\u00f3ximos m\u00f3dulos \u00e9 alt\u00edssima, e todos encantados com tamanha sabedoria do Tio.<br>Em 2018, o Tio e o Veleiro Soneca fizeram sua primeira Travessia Brasil &#8211; \u00c1frica,<br>totalizando 93 dias entre ida e volta, com parada na Ilha de Santa Helena.<br>O sucesso foi tamanho, que no final de 2019, atendendo a muitos pedidos e ao pr\u00f3prio<br>espirito aventureiro, a dupla (Tio e Veleiro) saiu novamente para mais uma travessia, desta<br>vez, com 2 alunos na ida, totalizando os mesmos 93 dias no mar.<br>Com 71 anos completos em abril de 2021, se preparam agora para a 3\u00aa e \u00faltima (ser\u00e1?)<br>travessia.<br>A turma de 4 alunos que acompanhar\u00e1 a ida \u00e9 composta por 3 mulheres e 1 homem.<br>Existem tamb\u00e9m 4 alunos que far\u00e3o a volta. Uma das mulheres da ida, outras duas<br>mulheres e 1 outro homem.<br>Ser\u00e1 poss\u00edvel acompanhar o trajeto atrav\u00e9s do link: https:\/\/share.garmin.com\/RTGKF e<br>not\u00edcias em nosso instagram @tio_spinelli<br>Para saber mais detalhes sobre os cursos acesse nosso site: https:\/\/veleirosoneca.com.br ,<br>Ou entre em contato com a Bianca pelo telefone: (11) 994408180. (WhatsApp).<\/p>\n","protected":false},"excerpt":{"rendered":"<p>O engenheiro automobil\u00edstico Jos\u00e9 Spinelli Neto, conhecidos por todos como \u201cTio\u201d,resolveu mudar de vida junto da sua grande incentivadora e esposa Cec\u00edlia Vaz.Deixou a sua carreira em S\u00e3o Paulo, e se mudou para Ubatuba, para se dedicar \u00e0 constru\u00e7\u00e3odo seu Veleiro, Soneca.O mergulho foi sua porta de entrada para o mar em 1976. A necessidade&hellip;<\/p>\n","protected":false},"author":1,"featured_media":0,"parent":99,"menu_order":0,"comment_status":"closed","ping_status":"closed","template":"","meta":{"footnotes":""},"class_list":["post-366","page","type-page","status-publish","hentry"],"_links":{"self":[{"href":"https:\/\/tio-spinelli.com\/index.php\/wp-json\/wp\/v2\/pages\/366","targetHints":{"allow":["GET"]}}],"collection":[{"href":"https:\/\/tio-spinelli.com\/index.php\/wp-json\/wp\/v2\/pages"}],"about":[{"href":"https:\/\/tio-spinelli.com\/index.php\/wp-json\/wp\/v2\/types\/page"}],"author":[{"embeddable":true,"href":"https:\/\/tio-spinelli.com\/index.php\/wp-json\/wp\/v2\/users\/1"}],"replies":[{"embeddable":true,"href":"https:\/\/tio-spinelli.com\/index.php\/wp-json\/wp\/v2\/comments?post=366"}],"version-history":[{"count":2,"href":"https:\/\/tio-spinelli.com\/index.php\/wp-json\/wp\/v2\/pages\/366\/revisions"}],"predecessor-version":[{"id":406,"href":"https:\/\/tio-spinelli.com\/index.php\/wp-json\/wp\/v2\/pages\/366\/revisions\/406"}],"up":[{"embeddable":true,"href":"https:\/\/tio-spinelli.com\/index.php\/wp-json\/wp\/v2\/pages\/99"}],"wp:attachment":[{"href":"https:\/\/tio-spinelli.com\/index.php\/wp-json\/wp\/v2\/media?parent=366"}],"curies":[{"name":"wp","href":"https:\/\/api.w.org\/{rel}","templated":true}]}}